{"id":307,"date":"2015-05-28T09:22:27","date_gmt":"2015-05-28T07:22:27","guid":{"rendered":"http:\/\/www.agentur-baur.de\/wordpress\/?page_id=307"},"modified":"2022-01-22T12:58:48","modified_gmt":"2022-01-22T11:58:48","slug":"partner","status":"publish","type":"page","link":"https:\/\/www.agentur-baur.de\/wordpress\/partner\/","title":{"rendered":"Partner"},"content":{"rendered":"<h1>Unsere Partner<\/h1>\n<p style=\"text-align: justify;\">Wir danken unseren Partnern f\u00fcr deren Rat und Unterst\u00fctzung, insbesondere auch daf\u00fcr, dass wir als Agentur regelm\u00e4\u00dfig von ihnen weiter empfohlen werden. Wir k\u00f6nnen Ihnen diese auch uneingeschr\u00e4nkt f\u00fcr deren professionelle und ehrliche Arbeit nur w\u00e4rmsten empfehlen. Es hat sich seit Jahren eine enge und vertrauensvolle Partnerschaft entwickelt, auf die wir stolz sind!<\/p>\n<div class=\"symple-toggle state-closed \"><h3 class=\"symple-toggle-trigger \">Berg Mineral\u00f6l GmbH<\/h3><div class=\"symple-toggle-container symple-clearfix\">\n<p><img loading=\"lazy\" class=\"size-full wp-image-626 alignright\" src=\"https:\/\/www.agentur-baur.de\/wordpress\/wp-content\/uploads\/2015\/05\/partnerlogo_baur_1.png\" alt=\"partnerlogo_baur_1\" width=\"200\" height=\"200\" \/><br \/>\n<span class=\"s1\"><strong>Berg Mineral\u00f6l GmbH<br \/>\n<\/strong><\/span><\/p>\n<div><span class=\"s1\">Vertretungsberechtigter Gesch\u00e4ftsf\u00fchrer:<\/span><\/div>\n<div><span class=\"s1\">Volker Flohn\u00a0&amp; Jan\u00a0Flohn<\/span><\/div>\n<div>\n<p>Tuchschererstra\u00dfe 17<br \/>\n67551 Worms-Pfeddersheim<\/p>\n<p>Telefon: 0 62 47 \u2013 27 1004-0<br \/>\nTelefax: 0 62 47 \u2013 27 1004-8<br \/>\nE-Mail: <a title=\"E-Mail senden\" href=\"mailto:info@energie-berg.de\">info@energie-berg.de<\/a><\/p>\n<\/div>\n<div><\/div>\n<div><\/div><\/div><\/div>\n<div class=\"symple-toggle state-closed \"><h3 class=\"symple-toggle-trigger \">HALLEBACH + KOLLEGEN Steuerberater<\/h3><div class=\"symple-toggle-container symple-clearfix\">\n<img loading=\"lazy\" class=\" wp-image-904 alignright\" src=\"https:\/\/www.agentur-baur.de\/wordpress\/wp-content\/uploads\/2018\/05\/111698-Logo-HALLEBACHKOLLEGEN-1024x136.jpg\" alt=\"\" width=\"378\" height=\"50\" \/><\/p>\n<p class=\"p1\"><strong>HALLEBACH + KOLLEGEN Steuerberater<\/strong><\/p>\n<div>Friedrich-Ebert-Stra\u00dfe 19<br \/>\n67574 Osthofen<br \/>\nTel.: 06242 914550<br \/>\nE-Mail: <a href=\"mailto:info@hallebach-kollegen.de\">info@hallebach-kollegen.de<br \/>\n<\/a><\/p>\n<p><a href=\"https:\/\/www.hallebach-kollegen.de\">https:\/\/www.hallebach-kollegen.de<\/a><\/div>\n<div>\n<p class=\"anfahrt head\">\n<\/div>\n<div><\/div><\/div><\/div>\n<div class=\"symple-toggle state-closed \"><h3 class=\"symple-toggle-trigger \">formwild \u2013 Agentur f\u00fcr Kommunikation<\/h3><div class=\"symple-toggle-container symple-clearfix\">\n<img loading=\"lazy\" class=\"size-full wp-image-627 alignright\" src=\"https:\/\/www.agentur-baur.de\/wordpress\/wp-content\/uploads\/2016\/05\/Formwild_Icon_gr\u00fcn.png\" alt=\"Formwild_Icon_gr\u00fcn.png\" width=\"200\" height=\"200\" \/><\/p>\n<p class=\"p1\"><strong>formwild<br \/>\n<\/strong>Agentur f\u00fcr Kommunikation<br \/>\nKerstin Bonni &amp; Julian Rollshausen GbR<\/p>\n<p class=\"anfahrt head\">Moltkestr. 3A<br \/>\n55118 Mainz<br \/>\nTel.: 0176 55366018<\/p>\n<p><a href=\"mailto:info@wirsindformwild.de\">info@wirsindformwild.de<br \/>\n<\/a><a href=\"http:\/\/www.wirsindformwild.de\" target=\"_blank\" rel=\"noopener\">www.wirsindformwild.de<\/a> <\/div><\/div>\n<div class=\"symple-toggle state-closed \"><h3 class=\"symple-toggle-trigger \">Jolly Travel Reiseb\u00fcro<\/h3><div class=\"symple-toggle-container symple-clearfix\">\n<img loading=\"lazy\" class=\"size-full wp-image-628 alignright\" src=\"https:\/\/www.agentur-baur.de\/wordpress\/wp-content\/uploads\/2015\/05\/partnerlogo_baur_3.png\" alt=\"partnerlogo_baur_3\" width=\"200\" height=\"200\" \/><\/p>\n<div><strong>Jolly Travel Reiseb\u00fcro<\/strong><\/div>\n<div>Inhaber: Ayhan Erbug<\/div>\n<div>Am R\u00f6mischen Kaiser 5<br \/>\n67547 Worms<\/div>\n<div>Tel: 06241 5973-200<br \/>\nFax: 06241 5973-202<\/div>\n<div>Skype: Jolly Travel<br \/>\n<a href=\"mailto:info@jollytravel.de\">info@jollytravel.de<\/a><br \/>\nOnline-Reiseportal: <a href=\"http:\/\/www.jollytravel.de\" target=\"_blank\" rel=\"noopener\">www.jollytravel.de<\/a><\/div>\n<div><\/div><\/div><\/div>\n<div class=\"symple-toggle state-closed \"><h3 class=\"symple-toggle-trigger \">klaus horst DESIGNB\u00dcRO<\/h3><div class=\"symple-toggle-container symple-clearfix\">\n<img loading=\"lazy\" class=\"size-full wp-image-629 alignright\" src=\"https:\/\/www.agentur-baur.de\/wordpress\/wp-content\/uploads\/2015\/05\/partnerlogo_baur_4.png\" alt=\"partnerlogo_baur_4\" width=\"200\" height=\"200\" \/><\/p>\n<p class=\"p1\"><span class=\"s1\"><strong>Klaus Horst<\/strong><br \/>\n<\/span><span class=\"s1\">Dipl.-Designer (FH)<\/span><\/p>\n<p class=\"p1\"><span class=\"s1\">Giselherstra\u00dfe 1<br \/>\n<\/span><span class=\"s1\">67547 Worms<br \/>\n<\/span><span class=\"s1\">Tel.: 06241 9779919<br \/>\n<\/span><span class=\"s1\">Mobil: 0163 2943337<br \/>\n<\/span><span class=\"s1\"><a href=\"mailto:mail@klaus-horst.info\">mail@klaus-horst.info<br \/>\n<\/a><a href=\"http:\/\/www.klaus-horst.info\" target=\"_blank\" rel=\"noopener\">www.klaus-horst.info<\/a><\/span>[<\/p>\n<div class=\"symple-toggle state-closed \"><h3 class=\"symple-toggle-trigger \">Jolly Travel Reiseb\u00fcro<\/h3><div class=\"symple-toggle-container symple-clearfix\"><\/div><\/div>\n<p class=\"p1\"><span class=\"s1\"><br \/>\n<strong>Kanzlei Liedorp-Osner &amp; Reimold<\/strong><\/span><\/p>\n<p class=\"p1\"><strong>Thomas Liedorp-Osner<br \/>\n<\/strong>Fachanwalt f\u00fcr Miet- und Wohnungseigentumsrecht, Rechtsanwalt f\u00fcr Vertragsrecht und Internetrecht<\/p>\n<p class=\"p1\"><strong>Benjamin Reimold<br \/>\n<\/strong>Rechtsanwalt f\u00fcr Arbeitsrecht, Sozialrecht und Privatinsolvenzen<\/p>\n<p>K\u00e4mmererstr. 22<br \/>\n67547 Worms<br \/>\nTel. 06241 2000780<br \/>\n<a href=\"mailto:info@ra-liedorp.de\">info@ra-liedorp.de<\/a><br \/>\n<a href=\"http:\/\/www.rechtsanwalt-arbeitsrecht-mietrecht.de\" target=\"_blank\" rel=\"noopener\"><span class=\"s1\">www.rechtsanwalt-arbeitsrecht-mietrecht.de<\/span><\/a><br \/>\n<\/div><\/div>\n<p class=\"p1\"><div class=\"symple-toggle state-closed \"><h3 class=\"symple-toggle-trigger \">Kanzlei Arnold Paulus<\/h3><div class=\"symple-toggle-container symple-clearfix\"><span class=\"s1\"><br \/>\n<strong>Kanzlei Arnold Paulus<\/strong><\/span><\/p>\n<p class=\"p1\"><strong>Arnold Paulus<br \/>\n<\/strong>gerichtlich zugelassener Rentenberater<br \/>\nin der Betrieblichen Altersversorgung<\/p>\n<p>Landgericht Mainz 75 E \u2013 191\/10<\/p>\n<p>Geibstra\u00dfe 28<\/p>\n<p>55545 Bad Kreuznach<\/p>\n<p>Tel:\u00a0\u00a0\u00a0 \u00a0\u00a0+49 671-92003940<br \/>\nFax:\u00a0\u00a0 \u00a0\u00a0\u00a0\u00a0\u00a0\u00a0+49 6755-2009850<br \/>\nMobil:\u00a0+49 171-3309598<br \/>\nMail:\u00a0\u00a0\u00a0 <a href=\"mailto:info@pensionskanzlei-paulus.de\">info@pensionskanzlei-paulus.de<\/a><\/p>\n<\/div><\/div>\n<p class=\"p1\"><div class=\"symple-toggle state-closed \"><h3 class=\"symple-toggle-trigger \">Oliver Beyersdorffer \u2013 Versicherungsberater<\/h3><div class=\"symple-toggle-container symple-clearfix\">\n<img loading=\"lazy\" class=\"size-full wp-image-659 alignright\" src=\"https:\/\/www.agentur-baur.de\/wordpress\/wp-content\/uploads\/2016\/05\/oliver-beyersdorffer.png\" alt=\"oliver-beyersdorffer.png\" width=\"200\" height=\"200\" \/><span class=\"s1\"><br \/>\n<strong>Oliver Beyersdorffer \u2013 Versicherungsberater<\/strong><\/span><\/p>\n<p class=\"p1\"><strong>Oliver Beyersdorffer<br \/>\n<\/strong>Versicherungsberater<\/p>\n<p>Korber Str. 6<br \/>\n71334 Waiblingen<br \/>\nTel. +49 (0) 7151 1659300<br \/>\nFax. +49 (0) 7151 1659301<br \/>\n<a href=\"http:\/\/oliverbeyersdorffer.de\" target=\"_blank\" rel=\"noopener\"><span class=\"s1\">oliverbeyersdorffer.de<\/span><\/a><br \/>\n<\/div><\/div>\n","protected":false},"excerpt":{"rendered":"<p>Unsere Partner Wir danken unseren Partnern f\u00fcr deren Rat und Unterst\u00fctzung, insbesondere auch daf\u00fcr, dass wir als Agentur regelm\u00e4\u00dfig von ihnen weiter empfohlen werden. Wir k\u00f6nnen Ihnen diese auch uneingeschr\u00e4nkt\u2026 <a href=\"https:\/\/www.agentur-baur.de\/wordpress\/partner\/\">weiter &raquo;<\/a><\/p>\n","protected":false},"author":1,"featured_media":598,"parent":0,"menu_order":0,"comment_status":"closed","ping_status":"closed","template":"","meta":[],"_links":{"self":[{"href":"https:\/\/www.agentur-baur.de\/wordpress\/wp-json\/wp\/v2\/pages\/307"}],"collection":[{"href":"https:\/\/www.agentur-baur.de\/wordpress\/wp-json\/wp\/v2\/pages"}],"about":[{"href":"https:\/\/www.agentur-baur.de\/wordpress\/wp-json\/wp\/v2\/types\/page"}],"author":[{"embeddable":true,"href":"https:\/\/www.agentur-baur.de\/wordpress\/wp-json\/wp\/v2\/users\/1"}],"replies":[{"embeddable":true,"href":"https:\/\/www.agentur-baur.de\/wordpress\/wp-json\/wp\/v2\/comments?post=307"}],"version-history":[{"count":110,"href":"https:\/\/www.agentur-baur.de\/wordpress\/wp-json\/wp\/v2\/pages\/307\/revisions"}],"predecessor-version":[{"id":997,"href":"https:\/\/www.agentur-baur.de\/wordpress\/wp-json\/wp\/v2\/pages\/307\/revisions\/997"}],"wp:featuredmedia":[{"embeddable":true,"href":"https:\/\/www.agentur-baur.de\/wordpress\/wp-json\/wp\/v2\/media\/598"}],"wp:attachment":[{"href":"https:\/\/www.agentur-baur.de\/wordpress\/wp-json\/wp\/v2\/media?parent=307"}],"curies":[{"name":"wp","href":"https:\/\/api.w.org\/{rel}","templated":true}]}}

<h1>Unsere Partner</h1>
<p style="text-align: justify;">Wir danken unseren Partnern für deren Rat und Unterstützung, insbesondere auch dafür, dass wir als Agentur regelmäßig von ihnen weiter empfohlen werden. Wir können Ihnen diese auch uneingeschränkt für deren professionelle und ehrliche Arbeit nur wärmsten empfehlen. Es hat sich seit Jahren eine enge und vertrauensvolle Partnerschaft entwickelt, auf die wir stolz sind!</p>
<div class="symple-toggle state-closed "><h3 class="symple-toggle-trigger ">Berg Mineralöl GmbH</h3><div class="symple-toggle-container symple-clearfix">
<p><img loading="lazy" class="size-full wp-image-626 alignright" src="https://www.agentur-baur.de/wordpress/wp-content/uploads/2015/05/partnerlogo_baur_1.png" alt="partnerlogo_baur_1" width="200" height="200" /><br />
<span class="s1"><strong>Berg Mineralöl GmbH<br />
</strong></span></p>
<div><span class="s1">Vertretungsberechtigter Geschäftsführer:</span></div>
<div><span class="s1">Volker Flohn &amp; Jan Flohn</span></div>
<div>
<p>Tuchschererstraße 17<br />
67551 Worms-Pfeddersheim</p>
<p>Telefon: 0 62 47 – 27 1004-0<br />
Telefax: 0 62 47 – 27 1004-8<br />
E-Mail: <a title="E-Mail senden" href="mailto:info@energie-berg.de">info@energie-berg.de</a></p>
</div>
<div></div>
<div></div></div></div>
<div class="symple-toggle state-closed "><h3 class="symple-toggle-trigger ">HALLEBACH + KOLLEGEN Steuerberater</h3><div class="symple-toggle-container symple-clearfix">
<img loading="lazy" class=" wp-image-904 alignright" src="https://www.agentur-baur.de/wordpress/wp-content/uploads/2018/05/111698-Logo-HALLEBACHKOLLEGEN-1024x136.jpg" alt="" width="378" height="50" /></p>
<p class="p1"><strong>HALLEBACH + KOLLEGEN Steuerberater</strong></p>
<div>Friedrich-Ebert-Straße 19<br />
67574 Osthofen<br />
Tel.: 06242 914550<br />
E-Mail: <a href="mailto:info@hallebach-kollegen.de">info@hallebach-kollegen.de<br />
</a></p>
<p><a href="https://www.hallebach-kollegen.de">https://www.hallebach-kollegen.de</a></div>
<div>
<p class="anfahrt head">
</div>
<div></div></div></div>
<div class="symple-toggle state-closed "><h3 class="symple-toggle-trigger ">formwild – Agentur für Kommunikation</h3><div class="symple-toggle-container symple-clearfix">
<img loading="lazy" class="size-full wp-image-627 alignright" src="https://www.agentur-baur.de/wordpress/wp-content/uploads/2016/05/Formwild_Icon_grün.png" alt="Formwild_Icon_grün.png" width="200" height="200" /></p>
<p class="p1"><strong>formwild<br />
</strong>Agentur für Kommunikation<br />
Kerstin Bonni &amp; Julian Rollshausen GbR</p>
<p class="anfahrt head">Moltkestr. 3A<br />
55118 Mainz<br />
Tel.: 0176 55366018</p>
<p><a href="mailto:info@wirsindformwild.de">info@wirsindformwild.de<br />
</a><a href="http://www.wirsindformwild.de" target="_blank" rel="noopener">www.wirsindformwild.de</a> </div></div>
<div class="symple-toggle state-closed "><h3 class="symple-toggle-trigger ">Jolly Travel Reisebüro</h3><div class="symple-toggle-container symple-clearfix">
<img loading="lazy" class="size-full wp-image-628 alignright" src="https://www.agentur-baur.de/wordpress/wp-content/uploads/2015/05/partnerlogo_baur_3.png" alt="partnerlogo_baur_3" width="200" height="200" /></p>
<div><strong>Jolly Travel Reisebüro</strong></div>
<div>Inhaber: Ayhan Erbug</div>
<div>Am Römischen Kaiser 5<br />
67547 Worms</div>
<div>Tel: 06241 5973-200<br />
Fax: 06241 5973-202</div>
<div>Skype: Jolly Travel<br />
<a href="mailto:info@jollytravel.de">info@jollytravel.de</a><br />
Online-Reiseportal: <a href="http://www.jollytravel.de" target="_blank" rel="noopener">www.jollytravel.de</a></div>
<div></div></div></div>
<div class="symple-toggle state-closed "><h3 class="symple-toggle-trigger ">klaus horst DESIGNBÜRO</h3><div class="symple-toggle-container symple-clearfix">
<img loading="lazy" class="size-full wp-image-629 alignright" src="https://www.agentur-baur.de/wordpress/wp-content/uploads/2015/05/partnerlogo_baur_4.png" alt="partnerlogo_baur_4" width="200" height="200" /></p>
<p class="p1"><span class="s1"><strong>Klaus Horst</strong><br />
</span><span class="s1">Dipl.-Designer (FH)</span></p>
<p class="p1"><span class="s1">Giselherstraße 1<br />
</span><span class="s1">67547 Worms<br />
</span><span class="s1">Tel.: 06241 9779919<br />
</span><span class="s1">Mobil: 0163 2943337<br />
</span><span class="s1"><a href="mailto:mail@klaus-horst.info">mail@klaus-horst.info<br />
</a><a href="http://www.klaus-horst.info" target="_blank" rel="noopener">www.klaus-horst.info</a></span>[</p>
<div class="symple-toggle state-closed "><h3 class="symple-toggle-trigger ">Jolly Travel Reisebüro</h3><div class="symple-toggle-container symple-clearfix"></div></div>
<p class="p1"><span class="s1"><br />
<strong>Kanzlei Liedorp-Osner &amp; Reimold</strong></span></p>
<p class="p1"><strong>Thomas Liedorp-Osner<br />
</strong>Fachanwalt für Miet- und Wohnungseigentumsrecht, Rechtsanwalt für Vertragsrecht und Internetrecht</p>
<p class="p1"><strong>Benjamin Reimold<br />
</strong>Rechtsanwalt für Arbeitsrecht, Sozialrecht und Privatinsolvenzen</p>
<p>Kämmererstr. 22<br />
67547 Worms<br />
Tel. 06241 2000780<br />
<a href="mailto:info@ra-liedorp.de">info@ra-liedorp.de</a><br />
<a href="http://www.rechtsanwalt-arbeitsrecht-mietrecht.de" target="_blank" rel="noopener"><span class="s1">www.rechtsanwalt-arbeitsrecht-mietrecht.de</span></a><br />
</div></div>
<p class="p1"><div class="symple-toggle state-closed "><h3 class="symple-toggle-trigger ">Kanzlei Arnold Paulus</h3><div class="symple-toggle-container symple-clearfix"><span class="s1"><br />
<strong>Kanzlei Arnold Paulus</strong></span></p>
<p class="p1"><strong>Arnold Paulus<br />
</strong>gerichtlich zugelassener Rentenberater<br />
in der Betrieblichen Altersversorgung</p>
<p>Landgericht Mainz 75 E – 191/10</p>
<p>Geibstraße 28</p>
<p>55545 Bad Kreuznach</p>
<p>Tel:      +49 671-92003940<br />
Fax:         +49 6755-2009850<br />
Mobil: +49 171-3309598<br />
Mail:    <a href="mailto:info@pensionskanzlei-paulus.de">info@pensionskanzlei-paulus.de</a></p>
</div></div>
<p class="p1"><div class="symple-toggle state-closed "><h3 class="symple-toggle-trigger ">Oliver Beyersdorffer – Versicherungsberater</h3><div class="symple-toggle-container symple-clearfix">
<img loading="lazy" class="size-full wp-image-659 alignright" src="https://www.agentur-baur.de/wordpress/wp-content/uploads/2016/05/oliver-beyersdorffer.png" alt="oliver-beyersdorffer.png" width="200" height="200" /><span class="s1"><br />
<strong>Oliver Beyersdorffer – Versicherungsberater</strong></span></p>
<p class="p1"><strong>Oliver Beyersdorffer<br />
</strong>Versicherungsberater</p>
<p>Korber Str. 6<br />
71334 Waiblingen<br />
Tel. +49 (0) 7151 1659300<br />
Fax. +49 (0) 7151 1659301<br />
<a href="http://oliverbeyersdorffer.de" target="_blank" rel="noopener"><span class="s1">oliverbeyersdorffer.de</span></a><br />
</div></div>

<p>Unsere Partner Wir danken unseren Partnern für deren Rat und Unterstützung, insbesondere auch dafür, dass wir als Agentur regelmäßig von ihnen weiter empfohlen werden. Wir können Ihnen diese auch uneingeschränkt… <a href="https://www.agentur-baur.de/wordpress/partner/">weiter &raquo;</a></p>
