{"id":27,"date":"2015-05-07T10:52:40","date_gmt":"2015-05-07T08:52:40","guid":{"rendered":"http:\/\/www.agentur-baur.de\/wordpress\/?page_id=27"},"modified":"2015-06-16T19:58:03","modified_gmt":"2015-06-16T17:58:03","slug":"rund-ums-haus","status":"publish","type":"page","link":"https:\/\/www.agentur-baur.de\/wordpress\/rund-ums-haus\/","title":{"rendered":"Rund ums Haus \/ Wohnen"},"content":{"rendered":"<p style=\"text-align: justify;\">Das Thema \u201eRund ums Haus\u201c stellt in den meisten F\u00e4llen den gr\u00f6\u00dften finanziellen Aspekt im aktiven Leben dar. Als Lebensmittelpunkt ist dieses Thema somit sehr komplex und wurde deshalb von uns in verschiedene Risikogruppen untergliedert, aus denen Sie Ihren Bedarf frei w\u00e4hlen k\u00f6nnen.<\/p>\n<p style=\"text-align: justify;\">Wir empfehlen Ihnen auch ein paar Monate und Jahre vorauszudenken, denn egal ob als <a href=\"https:\/\/www.agentur-baur.de\/wordpress\/mieter\/\">Mieter<\/a> oder <a href=\"https:\/\/www.agentur-baur.de\/wordpress\/bauherren\/\">Bauherr<\/a>\u2013 Geld f\u00fcr Renovierungen und Neuanschaffungen brauchen Sie immer. Dies kann \u00fcber Bausparvertr\u00e4ge abgedeckt, und fortlaufende Finanzierungen durch Berufsunf\u00e4higkeitsversicherungen oder Risiko-Lebensversicherungen\u00a0 abgesichert werden.<\/p>\n<p style=\"text-align: justify;\">Wir ermitteln gerne mit Ihnen in einem pers\u00f6nlichen Gespr\u00e4ch Ihren individuellen Bedarf und beraten Sie \u00fcber m\u00f6gliche Absicherungen zum Thema \u201eRund ums Haus\u201c.<\/p>\n","protected":false},"excerpt":{"rendered":"<p>Das Thema \u201eRund ums Haus\u201c stellt in den meisten F\u00e4llen den gr\u00f6\u00dften finanziellen Aspekt im aktiven Leben dar. Als Lebensmittelpunkt ist dieses Thema somit sehr komplex und wurde deshalb von\u2026 <a href=\"https:\/\/www.agentur-baur.de\/wordpress\/rund-ums-haus\/\">weiter &raquo;<\/a><\/p>\n","protected":false},"author":1,"featured_media":282,"parent":0,"menu_order":0,"comment_status":"closed","ping_status":"closed","template":"","meta":[],"_links":{"self":[{"href":"https:\/\/www.agentur-baur.de\/wordpress\/wp-json\/wp\/v2\/pages\/27"}],"collection":[{"href":"https:\/\/www.agentur-baur.de\/wordpress\/wp-json\/wp\/v2\/pages"}],"about":[{"href":"https:\/\/www.agentur-baur.de\/wordpress\/wp-json\/wp\/v2\/types\/page"}],"author":[{"embeddable":true,"href":"https:\/\/www.agentur-baur.de\/wordpress\/wp-json\/wp\/v2\/users\/1"}],"replies":[{"embeddable":true,"href":"https:\/\/www.agentur-baur.de\/wordpress\/wp-json\/wp\/v2\/comments?post=27"}],"version-history":[{"count":8,"href":"https:\/\/www.agentur-baur.de\/wordpress\/wp-json\/wp\/v2\/pages\/27\/revisions"}],"predecessor-version":[{"id":565,"href":"https:\/\/www.agentur-baur.de\/wordpress\/wp-json\/wp\/v2\/pages\/27\/revisions\/565"}],"wp:featuredmedia":[{"embeddable":true,"href":"https:\/\/www.agentur-baur.de\/wordpress\/wp-json\/wp\/v2\/media\/282"}],"wp:attachment":[{"href":"https:\/\/www.agentur-baur.de\/wordpress\/wp-json\/wp\/v2\/media?parent=27"}],"curies":[{"name":"wp","href":"https:\/\/api.w.org\/{rel}","templated":true}]}}